597.
19, 175663
List the prime factors of 380525.
5, 31, 491
List the prime factors of 5483172.
2, 3, 19, 24049
List the prime factors of 4604473.
269, 17117
List the prime factors of 146850.
2, 3, 5, 11, 89
What are the prime factors of 1478981?
7, 211283
What are the prime factors of 6389906?
2, 23, 31, 4481
What are the prime factors of 123805?
5, 11, 2251
What are the prime factors of 4872754?
2, 29, 2897
List the prime factors of 23144100.
2, 3, 5, 7, 103, 107
List the prime factors of 17335627.
127, 136501
What are the prime factors of 7385241?
3, 167, 14741
List the prime factors of 296948.
2, 61, 1217
What are the prime factors of 1007684?
2, 19, 13259
List the prime factors of 12979760.
2, 5, 89, 1823
What are the prime factors of 3633983?
3633983
What are the prime factors of 140960?
2, 5, 881
List the prime factors of 80027.
79, 1013
What are the prime factors of 640643?
101, 6343
List the prime factors of 1316764.
2, 329191
List the prime factors of 5893.
71, 83
List the prime factors of 8780426.
2, 1307, 3359
List the prime factors of 28298322.
2, 3, 13, 1493
What are the prime factors of 6570086?
2, 19, 41, 4217
List the prime factors of 191381.
97, 1973
List the prime factors of 17139394.
2, 41, 197, 1061
What are the prime factors of 589008?
2, 3, 7, 1753
List the prime factors of 2155263.
3, 11, 241, 271
What are the prime factors of 13023849?
3, 53, 101, 811
What are the prime factors of 33760534?
2, 131, 128857
What are the prime factors of 278135?
5, 11, 13, 389
What are the prime factors of 241758?
2, 3, 11, 37
What are the prime factors of 4396588?
2, 7, 23, 6827
What are the prime factors of 644924?
2, 7, 31, 743
What are the prime factors of 117892?
2, 29473
What are the prime factors of 69470?
2, 5, 6947
What are the prime factors of 99170?
2, 5, 47, 211
What are the prime factors of 289314?
2, 3, 16073
What are the prime factors of 600390?
2, 3, 5, 7, 953
List the prime factors of 955834.
2, 11, 23, 1889
List the prime factors of 14613210.
2, 3, 5, 18041
What are the prime factors of 417522?
2, 3, 7, 9941
List the prime factors of 3567144.
2, 3, 7, 17, 1249
What are the prime factors of 150113?
43, 3491
List the prime factors of 26795000.
2, 5, 23, 233
List the prime factors of 3375994.
2, 53, 31849
What are the prime factors of 868327?
868327
What are the prime factors of 2750460?
2, 3, 5, 45841
List the prime factors of 7775812.
2, 11, 79, 2237
List the prime factors of 2470459.
1069, 2311
What are the prime factors of 205828?
2, 7, 7351
List the prime factors of 424779.
3, 17, 8329
List the prime factors of 3602.
2, 1801
What are the prime factors of 5311951?
5311951
What are the prime factors of 12444290?
2, 5, 1244429
List the prime factors of 1071503.
397, 2699
List the prime factors of 1953012.
2, 3, 162751
What are the prime factors of 1360175?
5, 41, 1327
List the prime factors of 3206123.
43, 74561
List the prime factors of 2629847.
11, 19, 12583
What are the prime factors of 1664801?
1664801
What are the prime factors of 198052?
2, 67, 739
List the prime factors of 5446747.
191, 28517
What are the prime factors of 612860?
2, 5, 30643
List the prime factors of 4055020.
2, 5, 202751
List the prime factors of 19588971.
3, 71, 91967
List the prime factors of 125872.
2, 7867
List the prime factors of 182936.
2, 13, 1759
List the prime factors of 17705612.
2, 283, 15641
What are the prime factors of 21149616?
2, 3, 499, 883
What are the prime factors of 1472507?
1472507
List the prime factors of 2774708.
2, 693677
What are the prime factors of 34046055?
3, 5, 252193
List the prime factors of 12744321.
3, 241, 17627
What are the prime factors of 5061464?
2, 632683
What are the prime factors of 739433?
739433
What are the prime factors of 199004?
2, 13, 43, 89
List the prime factors of 241836.
2, 3, 7, 2879
What are the prime factors of 2936685?
3, 5, 29, 43, 157
What are the prime factors of 2329199?
397, 5867
What are the prime factors of 525473?
13, 83, 487
What are the prime factors of 6525730?
2, 5, 652573
What are the prime factors of 16222860?
2, 3, 5, 90127
What are the prime factors of 2072605?
5, 414521
List the prime factors of 2212539.
3, 7, 105359
What are the prime factors of 23028?
2, 3, 19, 101
List the prime factors of 283550.
2, 5, 53, 107
What are the prime factors of 1065509?
17, 233, 269
List the prime factors of 218074.
2, 109037
List the prime factors of 152809.
152809
What are the prime factors of 365063?
365063
What are the prime factors of 821706?
2, 3, 136951
What are the prime factors of 23085?
3, 5, 19
List the prime factors of 5420881.
43, 126067
What are the prime factors of 845491?
845491
What are the prime factors of 5131659?
3, 13, 131581
List the prime factors of 426774.
2, 3, 71129
What are the prime factors of 119499?
3, 61, 653
List the prime factors of 1140205.
5, 11, 20731
List the prime factors of 2050676.
2, 17, 53, 569
List the prime factors of 2610958.
2, 7, 283, 659
What are the prime factors of 3255374?
2, 23, 70769
What are the prime factors of 39268356?
2, 3, 1637, 1999
List the prime factors of 32994.
2, 3, 13, 47
List the prime factors of 3476211.
3, 17, 68161
List the prime factors of 1097438.
2, 548719
What are the prime factors of 7030636?
2, 47, 37397
List the prime factors of 4323202.
2, 13, 17, 9781
What are the prime factors of 1248155?
5, 107, 2333
List the prime factors of 2963125.
5, 11, 431
What are the prime factors of 269123?
23, 11701
List the prime factors of 13509751.
347, 38933
What are the prime factors of 1001340?
2, 3, 5, 5563
List the prime factors of 1500688.
2, 7, 13399
What are the prime factors of 173505?
3, 5, 43, 269
What are the prime factors of 547194?
2, 3, 91199
List the prime factors of 314214.
2, 3, 52369
List the prime factors of 279669.
3, 13, 71, 101
List the prime factors of 2730792.
2, 3, 113783
What are the prime factors of 110497?
47, 2351
What are the prime factors of 184799?
283, 653
List the prime factors of 740267.
11, 173, 389
What are the prime factors of 7568578?
2, 751, 5039
List the prime factors of 1078315.
5, 7, 30809
List the prime factors of 2634301.
2634301
What are the prime factors of 368659?
487, 757
List the prime factors of 1491630.
2, 3, 5, 7, 7103
List the prime factors of 811327.
11, 73757
What are the prime factors of 633902?
2, 316951
What are the prime factors of 2048035?
5, 11, 23, 1619
What are the prime factors of 25759974?
2, 3, 293, 14653
What are the prime factors of 496717?
13, 19, 2011
What are the prime factors of 1983420?
2, 3, 5, 3673
What are the prime factors of 38661823?
373, 103651
List the prime factors of 4451307.
3, 7, 107, 283
List the prime factors of 595725.
3, 5, 13, 47
What are the prime factors of 396969?
3, 113, 1171
List the prime factors of 21876060.
2, 3, 5, 364601
List the prime factors of 1145414.
2, 572707
What are the prime factors of 768547?
13, 59119
What are the prime factors of 153577?
19, 59, 137
What are the prime factors of 758638?
2, 379319
What are the prime factors of 8592274?
2, 4296137
List the prime factors of 4956362.
2, 23, 107747
What are the prime factors of 56295?
3, 5, 139
What are the prime factors of 6788961?
3, 251443
What are the prime factors of 81191?
11, 61
List the prime factors of 21472766.
2, 7, 41, 37409
What are the prime factors of 23779774?
2, 43, 67, 4127
What are the prime factors of 1557092?
2, 389273
List the prime factors of 252817.
252817
List the prime factors of 1136589.
3, 227, 1669
List the prime factors of 136038.
2, 3, 7, 41, 79
What are the prime factors of 3734268?
2, 3, 311189
What are the prime factors of 122038?
2, 7, 23, 379
List the prime factors of 13774688.
2, 41, 10499
What are the prime factors of 372514?
2, 19, 9803
List the prime factors of 19433.
19433
What are the prime factors of 393817?
109, 3613
List the prime factors of 398302.
2, 199151
List the prime factors of 178640.
2, 5, 7, 11, 29
What are the prime factors of 3886922?
2, 13, 149497
What are the prime factors of 754229?
7, 107747
What are the prime factors of 1777399?
13, 47, 2909
List the prime factors of 3140818.
2, 17, 92377
What are the prime factors of 688029?
3, 229343
What are the prime factors of 2355223?
13, 23, 7877
List the prime factor